+ 2. Give z(-6).
8
Let d(n) = 6*n - 86. Calculate d(13).
-8
Let a(p) = 18*p**3 - p**2 + 1. Calculate a(-1).
-18
Let q(v) = 17*v + 210. What is q(-12)?
6
Let m(j) = -20*j - 3. What is m(-4)?
77
Let i(c) = -c**3 - 8*c**2 - 13*c - 13. Determine i(-6).
-7
Let q(i) = 16*i**2 - 9*i - 1. Determine q(3).
116
Let s(x) = 12*x**2 + 11*x + 10. Determine s(-1).
11
Let t(o) = o**3 + 2*o**2 - 4*o - 3. Determine t(0).
-3
Let p(v) = v**3 + 6*v**2 + 7*v + 2. Determine p(-5).
-8
Let v(t) = -3*t**3 + 3*t**2 - 4*t + 5. Give v(2).
-15
Let c(y) = 29*y + 1251. Calculate c(-43).
4
Let o(q) = q**3 - 7*q**2 + 4*q - 4. Determine o(6).
-16
Let x(z) = -24*z + 3. What is x(2)?
-45
Let t(m) = 2*m**3 + 38*m**2 - 2*m - 27. Give t(-19).
11
Let k(z) = -2*z**2 - 13*z - 11. Give k(-6).
-5
Let t(w) = -w**2 - 20*w - 40. Give t(-17).
11
Let h(u) = 2*u - 11. Calculate h(-6).
-23
Let o(j) = j**2 - 5*j. What is o(5)?
0
Let h(v) = v**3 - 8*v**2 - v - 8. What is h(8)?
-16
Let z(k) = -k**3 - 6*k**2 + 8*k + 9. What is z(-7)?
2
Let c(q) = -q**3 + 4*q**2 + q - 5. Give c(6).
-71
Let p(z) = 2*z**2 - 3*z - 1. What is p(3)?
8
Let b(i) = i**2 - 3. Determine b(-3).
6
Let d(n) = -n**2 - 3*n. Give d(-2).
2
Let z(m) = 47*m - 183. What is z(4)?
5
Let w(j) = -5*j + 226. Calculate w(45).
1
Let h(s) = 21*s - 24. What is h(7)?
123
Let n(h) = -6*h - 2. Determine n(-6).
34
Let u(a) = -a**3 - 3*a**2 - a + 1. Calculate u(-2).
-1
Let q(w) = -w**2 - 14*w - 66. What is q(-8)?
-18
Let y(g) = g - 9. Give y(12).
3
Let v(m) = -2*m**2 - 3*m + 36. Give v(3).
9
Let r(m) = -3*m. Give r(-4).
12
Let g(o) = 4*o**2 + o - 1. Give g(1).
4
Let a(h) = h**3 - 6*h**2 + 2*h - 10. What is a(6)?
2
Let g(q) = -q**2 + q - 4. Calculate g(7).
-46
Let m(s) = -8*s**3 + 2*s**2 + 3*s + 1. Determine m(2).
-49
Let t(v) = -2*v**2 + 10*v + 28. Determine t(9).
-44
Let a(w) = w**2 - 8*w + 20. Calculate a(6).
8
Let f(g) = 8*g + 60. What is f(-5)?
20
Let b(x) = 2*x**2 + 5*x + 8. What is b(-7)?
71
Let w(s) = 61*s**3 + s + 2. Give w(-1).
-60
Let f(t) = -t**3 - t**2 + 69. Give f(0).
69
Let p(u) = -u**3 - 8*u**2 - 15*u - 62. Determine p(-7).
-6
Let j(d) = d**2 - 12*d + 11. Calculate j(9).
-16
Let i(t) = 28*t - 133. Calculate i(5).
7
Let y(o) = -o**2 + 14*o + 3. Calculate y(15).
-12
Let o(l) = 2*l + 9. Determine o(-7).
-5
Let g(j) = -j**2 + 30*j - 170. What is g(21)?
19
Let d(m) = m**2 - 15*m - 38. Determine d(18).
16
Let k(g) = -g**3 + 19*g**2 + 2*g - 16. What is k(19)?
22
Let i(q) = q**3 + 8*q**2 + 7*q - 14. Give i(-7).
-14
Let b(j) = j**3 - 8*j**2 - 26*j - 4. Calculate b(11).
73
Let c(j) = -j**3 - 4*j**2 + 5*j + 3. Determine c(-4).
-17
Let u(i) = -i**3 - 5*i**2 - i + 6. What is u(-5)?
11
Let t(n) = 7*n**3 - n + 2. Give t(1).
8
Let p(q) = q**3 + 18*q**2 + 11*q - 38. Determine p(-17).
64
Let f(k) = -2*k**2 - 53*k - 3. Calculate f(-25).
72
Let b(t) = -3*t**2 - 4*t + 3. Give b(-4).
-29
Let r(t) = -2*t**2 + 16*t - 11. Calculate r(8).
-11
Let o(y) = y**2 - 29*y + 30. Give o(28).
2
Let o(x) = -86*x - 440. What is o(-5)?
-10
Let d(w) = -4*w - 12. Calculate d(-7).
16
Let r(a) = -a**3 + 3*a**2 + 3*a + 7. Give r(4).
3
Let u(t) = -t**3 - 8*t**2 - 10*t - 12. What is u(-7)?
9
Let x(t) = -t + 2. Calculate x(2).
0
Let s(i) = -6*i + 48. Give s(-13).
126
Let v(w) = -w + 4. Give v(0).
4
Let b(p) = -4*p**2 - 19*p - 35. What is b(-7)?
-98
Let j(f) = 3*f + 4. Calculate j(-3).
-5
Let h(n) = -5*n. What is h(2)?
-10
Let c(o) = -5*o + 5. Determine c(14).
-65
Let l(m) = -2*m**2 + 3*m - 5. What is l(2)?
-7
Let f(w) = w**3 - 5*w**2 - 16*w + 21. Determine f(6).
-39
Let x(b) = -5*b - 41. Calculate x(-5).
-16
Let x(q) = q**3 + 2*q**2 - 13*q - 12. Calculate x(-5).
-22
Let y(w) = 9*w**2 - 6. Give y(-3).
75
Let b(t) = 68*t**3 - t + 1. Determine b(1).
68
Let k(q) = 2*q**3 - 18*q**2 + 7*q - 21. Determine k(9).
42
Let h(a) = a**3 + 5*a**2 - 4*a + 1. Give h(-3).
31
Let q(w) = -6*w**2 + 3*w - 1. Determine q(1).
-4
Let w(g) = g**2 + 34*g + 265. What is w(-22)?
1
Let p(f) = -f**3 + 6*f**2 - 13*f + 1. Give p(2).
-9
Let j(f) = -4*f - 15. What is j(-9)?
21
Let g(d) = -9*d + 194. Determine g(22).
-4
Let r(f) = 5*f - 3. Determine r(-5).
-28
Let g(r) = r**2 - 18*r + 39. Calculate g(16).
7
Let b(m) = 2*m**2 + 3*m + 1. What is b(3)?
28
Let y(s) = 15*s**3 + 7*s**2 - 1. Calculate y(-2).
-93
Let g(t) = t**3 - 4*t**2 - 2*t + 16. What is g(4)?
8
Let g(n) = -52*n**2 - n - 1. Calculate g(-1).
-52
Let h(x) = 10*x - 115. Determine h(13).
15
Let k(o) = -2*o**3 + 5*o + 5. Calculate k(-2).
11
Let l(d) = -38*d**3 + 2*d**2 + 7*d + 6. What is l(-1)?
39
Let a(u) = 5*u**3 + 2*u**2 + 3*u + 4. What is a(-2)?
-34
Let u(d) = -d**3 - 18*d**2 + 21*d + 23. Determine u(-19).
-15
Let s(z) = -z**2 - z - 12. What is s(0)?
-12
Let c(k) = k**3 + 7*k**2 - 18*k + 6. Calculate c(-10).
-114
Let q(v) = v**2 - 10*v + 17. What is q(7)?
-4
Let x(y) = 2*y - 1. Give x(7).
13
Let l(k) = -k**3 + 18*k**2 + 17*k + 25. Give l(19).
-13
Let f(t) = -3*t**2 + 6*t + 3. Give f(3).
-6
Let a(l) = -l - 10. Calculate a(-18).
8
Let d(p) = p**3 - 3*p**2 - p - 14. What is d(4)?
-2
Let i(n) = -2*n**2 + 11*n + 5. Give i(8).
-35
Let z(w) = -w - 3. Determine z(-6).
3
Let n(v) = -2*v - 12. What is n(-10)?
8
Let j(g) = 17*g - 3. Give j(3).
48
Let l(w) = 3*w**3 - 4*w + 1. Calculate l(3).
70
Let w(f) = -f**3 + 12*f**2 + 110*f + 5. Determine w(-6).
-7
Let h(i) = i**3 + 6*i**2 - 12. Give h(-6).
-12
Let a(r) = r + 21. What is a(-9)?
12
Let p(d) = d**3 - d + 1. Calculate p(2).
7
Let k(f) = 10*f - 643. Give k(64).
-3
Let a(u) = -u + 2. What is a(-9)?
11
Let d(z) = z + 2. Calculate d(-5).
-3
Let o(w) = -w**2 + 25*w - 4. Calculate o(24).
20
Let g(o) = 2*o**3 - 64*o**2 - 68*o + 66. What is g(33)?
0
Let v(b) = -b**3 - 4*b**2 + 7*b - 2. Calculate v(-6).
28
Let c(r) = 2*r**2 - 8*r + 6. Give c(7).
48
Let g(x) = 6*x**3 + 2*x**2. Calculate g(-2).
-40
Let v(w) = -w**3 + 29*w**2 + 31*w - 33. Determine v(30).
-3
Let j(a) = -12*a + 461. Determine j(38).
5
Let n(j) = j**2 + 7*j - 30. Calculate n(-10).
0
Let i(l) = -14*l**3 + 2*l**2 - 2*l + 8. Calculate i(2).
-100
Let i(n) = -2*n**3 - 5*n**2 - 12. Calculate i(-4).
36
Let w(s) = -s**3 - 7*s**2 - s - 5. Give w(-7).
2
Let j(a) = 5*a**2 - 3*a - 1. Determine j(-2).
25
Let r(h) = -h**3 - 29*h**2 + 59*h - 100. What is r(-31)?
-7
Let b(n) = n**3 + 16*n**2 + 15*n + 9. What is b(-15)?
9
Let m(g) = -5*g - 3. Calculate m(4).
-23
Let c(a) = -a**3 + 12*a**2 + 11*a + 22. Give c(12).
154
Let b(m) = -m**3 - 31*m**2 + 99*m - 100. What is b(-34)?
2
Let u(h) = -h**3 + 2*h + 37. Determine u(0).
37
Let n(s) = -s + 13. Determine n(-9).
22
Let m(p) = -41*p + 58. What is m(2)?
-24
Let s(f) = -84*f**3 - f**2 + f - 1. What is s(1)?
-85
Let a(c) = -101*c + 1208. Determine a(12).
-4
Let d(x) = -x**3 - 11*x**2 - 4*x + 24. What is d(-10)?
-36
Let u(l) = -2*l**3 - 4*l**2 + 5*l - 5. Determine u(2).
-27
Let c(a) = -a**2 + 5*a - 5. Give c(5).
-5
Let c(j) = -4*j - 11. Calculate c(-4).
5
Let l(u) = -u - 18. Determine l(0).
-18
Let f(q) = -q**3 + 11*q**2 - 3*q + 12. Give f(11).
-21
Let b(p) = -10*p**2 - p. Determine b(1).
-11
Let l(u) = 12*u**2 + 14*u + 18. Calculate l(-2).
38
Let z(v) = 20*v. Calculate z(-1).
-20
Let a(q) = q**3 + 6*q**2 - 3*q - 9. What is a(-6)?
9
Let z(t) = 7*t - 6. What is z(-7)?
-55
Let b(p) = 5*p**3 + 22*p**2 + 13*p + 14. Calculate b(-4).
-6
Let u(d) = -14*d + 3. Give u(2).
-25
Let t(p) = p**2 + 5*p - 21. What is t(-9)?
15
Let u(d) = -2*d**2 + 3*d + 1. Give u(1).
2
Let c(a) = -a**2 + 5*a - 1. Give c(3).
5
Let i(d) = d**2 - 4*d - 89. Determine i(14).
51
Let h(d) = -d**2 - 14*d + 71. Calculate h(-18).
-1
Let y(d) = -d - 12. Calculate y(12).
-24
Let z(a) = 3*a**2 - 5*a - 13. Calculate z(-3).
29
Let w(q) = 4*q + 8. What is w(-6)?
-16
Let w(h) = 3*h - 18. What is w(13)?
21
Let j(b) = 2*b + 19. Determine j(-13).
-7
Let v(z) = -z**3 + 21*z - 2. Give v(4).
18
Let b(a) = -28*a - 217. Give b(-7).
-21
Let h(r) = r**3 - 14*r**2 - r + 23. Give h(14).
9
Let c(s) = 3*s - 41. What is c(11)?
-8
Let v(o) = 3*o**2 - 3*o - 9. What is v(6)?
81
Let s(d) = -18*d - 4. Give s(-2).
32
Let u(g) = -g**3 + 8*g**2 - 5*g + 3. What is u(9)?
-123
Let o(n) = -4*n - 132. Determine o(-32).
-4
Let t(m) = -7*m + 22. Give t(5).
-13
Let g(j) = -j**2 + 2*j + 8. What is g(-4)?
-16
Let g(a) = -3*a**2 + 21*a + 8. What is g(8)?
-16
Let l(c) = -59*c + 4. What is l(-1)?
63
Let b(f) = -4*f -